 15, what is -c2 - -29de?
291c
In base 11, what is -3 + 86a2?
869a
In base 15, what is -4 + 28631?
2862c
In base 16, what is -177c + 19?
-1763
In base 12, what is -2476 - -103?
-2373
In base 16, what is f - -381f?
382e
In base 14, what is 1 + -1bcd?
-1bcc
In base 11, what is -5 + -3a977?
-3a981
In base 2, what is -10111010001011 - 0?
-10111010001011
In base 15, what is -d - -e8?
da
In base 8, what is -212147 - 6?
-212155
In base 4, what is -3 - -22312100?
22312031
In base 13, what is 1c5b9 - 0?
1c5b9
In base 7, what is 5 - -406621?
406626
In base 11, what is -4 + 27168?
27164
In base 15, what is -1 - -2a3d?
2a3c
In base 15, what is -13d23 + -15?
-13d38
In base 4, what is 1302202 - 2330?
1233212
In base 8, what is 1 + 113560?
113561
In base 14, what is 4 + 16db57?
16db5b
In base 2, what is 11101010111001 + 101?
11101010111110
In base 6, what is -3452 + 104?
-3344
In base 15, what is 0 + 342b?
342b
In base 13, what is 1c9 - 1871?
-1675
In base 10, what is 264102 - 5?
264097
In base 13, what is 0 - 4a5a?
-4a5a
In base 6, what is -14014 + 1?
-14013
In base 8, what is 2114241 - 2?
2114237
In base 16, what is 8 + -3156?
-314e
In base 3, what is -1100 + 102220211?
102212111
In base 12, what is 12a9 + -37?
1272
In base 12, what is -12b + -255?
-384
In base 11, what is 147 + 2951?
2a98
In base 6, what is 4 + -1545020?
-1545012
In base 12, what is -226 + -b2?
-318
In base 9, what is -27 - 135076?
-135114
In base 16, what is 75 - 5ca?
-555
In base 4, what is 2320200 + 12?
2320212
In base 10, what is -107946 - 3?
-107949
In base 16, what is -8d + -3565?
-35f2
In base 2, what is 1011101 - -11010111110?
11100011011
In base 9, what is 16760 + 24?
16784
In base 12, what is 2956 + 4?
295a
In base 3, what is -2101000210110 + -1?
-2101000210111
In base 4, what is 2213103 + -10?
2213033
In base 11, what is -6a889 + -18?
-6a8a6
In base 12, what is -23 + -35?
-58
In base 12, what is -234 + 35?
-1bb
In base 10, what is -2 + -65544?
-65546
In base 2, what is 101011011100000 - 101?
101011011011011
In base 14, what is 364 - -166d?
19d3
In base 6, what is 43001 + 0?
43001
In base 15, what is 132 - -7?
139
In base 3, what is -2102201000 + -12?
-2102201012
In base 16, what is -1a4db - -5?
-1a4d6
In base 16, what is e - -20770?
2077e
In base 2, what is 11001001110010011000 - 100?
11001001110010010100
In base 16, what is 8 - 6b2c?
-6b24
In base 12, what is 251 - 7b2?
-561
In base 5, what is -312032 + 1?
-312031
In base 5, what is 20 + 14300212?
14300232
In base 4, what is 13 - 1302021?
-1302002
In base 5, what is -213 + -12323?
-13041
In base 4, what is 30 - -120302?
120332
In base 8, what is 43656 + 1?
43657
In base 5, what is -303203 - -20?
-303133
In base 8, what is -75 - 1772?
-2067
In base 6, what is 3 - 4453014?
-4453011
In base 6, what is 4034 - -5255?
13333
In base 6, what is 3 + 33413?
33420
In base 11, what is -4 + 62108?
62104
In base 14, what is -cb - -93a?
84d
In base 11, what is 431 - 3814?
-3393
In base 6, what is 35 + -2023?
-1544
In base 10, what is -424 - -15?
-409
In base 11, what is 325068 - 2?
325066
In base 5, what is -121 + -32141?
-32312
In base 13, what is -6 + -202c8?
-20301
In base 9, what is -521 + 4?
-516
In base 4, what is 313031033233 + 1?
313031033300
In base 4, what is -210201 + 22?
-210113
In base 15, what is 117 + -94?
73
In base 14, what is -1 - -474c?
474b
In base 8, what is -1372142 - 0?
-1372142
In base 7, what is -5513 + -43?
-5556
In base 4, what is -11130321020 + 13?
-11130321001
In base 12, what is 742514 + -2?
742512
In base 14, what is -2 + 8b?
89
In base 9, what is -22 - 14260?
-14282
In base 11, what is 111860 - 4?
111857
In base 14, what is -15 - -1029a?
10285
In base 8, what is -1721705 + 3?
-1721702
In base 14, what is -ba + -103?
-1bd
In base 12, what is 1a + -2a523?
-2a505
In base 14, what is -7 + 13b18?
13b11
In base 8, what is -1034473 + 2?
-1034471
In base 4, what is 121033 - 110003?
11030
In base 13, what is 13 - 80b5?
-80a2
In base 6, what is -20 + -2135342?
-2135402
In base 12, what is -10330 - -3?
-10329
In base 13, what is -6 - 4b467?
-4b470
In base 9, what is -1851 - 18?
-1870
In base 16, what is -17df - -36?
-17a9
In base 5, what is 11412333 - -4?
11412342
In base 16, what is 0 + 4ad7a?
4ad7a
In base 14, what is -d479 + -4?
-d47d
In base 5, what is 102333303 - 4?
102333244
In base 10, what is -8045 - -25?
-8020
In base 3, what is -1101221100 - -11100?
-1101210000
In base 7, what is 33 - 2255?
-2222
In base 13, what is 1 - 3a54c?
-3a54b
In base 11, what is 27 + -1a25?
-19a9
In base 4, what is 1033202 + -2133?
1031003
In base 8, what is -2 - 520563?
-520565
In base 12, what is 5 - 68aa?
-68a5
In base 9, what is 3540 + 0?
3540
In base 9, what is 2 + 75011?
75013
In base 16, what is 2605 - -3?
2608
In base 8, what is 5 + 645012?
645017
In base 8, what is 11 - -4170?
4201
In base 11, what is 20702 - 18?
20695
In base 7, what is -351 + -33114?
-33465
In base 5, what is 141 + 41432?
42123
In base 3, what is 22 - -10111?
10210
In base 6, what is -3102552 + 4?
-3102544
In base 10, what is 2 + 20849?
20851
In base 12, what is 5488a + 2?
54890
In base 15, what is -68b - e60?
-15eb
In base 10, what is -127 + 3393?
3266
In base 10, what is 34247 - -9?
34256
In base 4, what is -233 - 32200?
-33033
In base 10, what is -3 + -22519?
-22522
In base 10, what is 3 - -391?
394
In base 16, what is 23 - 74?
-51
In base 8, what is -21131 + -23?
-21154
In base 7, what is 3133225 - -2?
3133230
In base 3, what is -11001102002 - 11?
-11001102020
In base 2, what is -11 + -1110011011000110?
-1110011011001001
In base 7, what is 102 + 51065?
51200
In base 10, what is -81287 - -1?
-81286
In base 5, what is -3100 - 3120?
-11220
In base 3, what is -1101020 + 1112?
-1022201
In base 6, what is -333054 - -4?
-333050
In base 12, what is 84 + -9425?
-9361
In base 5, what is 1 - -334230?
334231
In base 5, what is 200222 - -20?
200242
In base 14, what is 4ca5 + -d?
4c96
In base 16, what is -1b70 - -167?
-1a09
In base 13, what is 24b - 2?
249
In base 14, what is cb73 + 16?
cb89
In base 10, what is 1422 + 120?
1542
In base 12, what is -1 + -6bbb1?
-6bbb2
In base 12, what is 30876 + 1?
30877
In base 8, what is 4 - 214473?
-214467
In base 6, what is 1 - -100413?
100414
In base 8, what is 5 - 7100?
-7073
In base 2, what is 10100110 + 11000010?
101101000
In base 10, what is 1055360 - -6?
1055366
In base 5, what is 2342440 - 13?
2342422
In base 10, what is -3606 + -709?
-4315
In base 7, what is -1456 - 342?
-2131
In base 6, what is -53151 + -4202?
-101353
In base 2, what is 0 - -1010001011010110101?
1010001011010110101
In base 13, what is 109c - -a7?
1176
In base 3, what is 201 + -110122?
-102221
In base 3, what is 2 - -1202000110?
1202000112
In base 10, what is -3 + 157725?
157722
In base 6, what is 25013 + 1513?
30530
In base 5, what is 10 - -12220103?
12220113
In base 10, what is 24 - 54577?
-54553
In base 10, what is 1201 - -32?
1233
In base 2, what is 11111011 + -10010001110?
-1110010011
In base 7, what is -156 + 1001?
512
In base 15, what is 1d3 - -316?
4e9
In base 12, what is -1756 + b?
-1747
In base 3, what is -220 + 2002120?
2001200
In base 12, what is 34b - -548?
897
In base 10, what is -7112 - -27?
-7085
In base 12, what is -331 - 1295?
-1606
In base 9, what is -125865 + -2?
-125867
In base 14, what is 27 - -33?
5a
In base 10, what is 6 + 47757?
47763
In base 7, what is -62530 + -10?
-62540
In base 10, what is -194255 + 4?
-194251
In base 4, what is -3012101 - 10013?
-3022120
In base 6, what is -3322405 + 42?
-3322323
In base 4, what is -110113013 + -3?
-110113022
In base 5, what is 13 + -23203?
-23140
In base 14, what is 6897 + 0?
6897
In base 15, what is 29 + -866?
-83c
In base 13, what is 1 + -c3c15?
-c3c14
In base 4, what is 2 - 302320333?
-302320331
In base 10, what is -93 - -1?
-92
In base 4, what is 1 + -223110?
-223103
In base 5, what is -203330412 + 3?
-203330404
In base 11, what is -17 + -7275?
-7291
In base 12, what is -1 - -3878?
3877
In base 14, what is 187b + -9?
1872
In base 16, what is e + -4f37?
-4f29
In base 10, what is -99 + 769?
670
In base 7, what is -3534 - -352?
-3152
In base 2, what is -110000001 - 1000100010?
-1110100011
In base 16, what is 3 - -2717b?
2717e
In base 4, what is 13 + -322310?
-322231
In base 6, what is -12